{"id":1375,"date":"2016-06-17T21:49:56","date_gmt":"2016-06-17T19:49:56","guid":{"rendered":"http:\/\/gik.zgora.pl\/?page_id=1375"},"modified":"2016-06-17T21:57:58","modified_gmt":"2016-06-17T19:57:58","slug":"wydarzenia","status":"publish","type":"page","link":"http:\/\/gik.zgora.pl\/?page_id=1375","title":{"rendered":"Wydarzenia"},"content":{"rendered":"<p>\t<div class=\"ngg-albumoverview default-view\">\n\t\t\t\t\t<div class=\"ngg-album-compact\">\n\t\t\t\t<div class=\"ngg-album-compactbox\">\n\t\t\t\t\t<div class=\"ngg-album-link\">\n\t\t\t\t\t\t\t\t\t\t\t\t\t\t\t\t\t\t\t\t\t<a title='X Spotkanie Integracyjne ZTF - 7\/9-06-2024' href='http:\/\/gik.zgora.pl\/index.php\/nggallery\/wydarzenia\/x-spotkanie-integracyjne-ztf-7-9-06-2024?page_id=1375'>\n\t\t\t\t\t\t\t\t\t<img class=\"Thumb\"\n\t\t\t\t\t\t\t\t\t\talt=\"X Spotkanie Integracyjne ZTF - 7\/9-06-2024\"\n\t\t\t\t\t\t\t\t\t\tsrc=\"http:\/\/gik.zgora.pl\/wp-content\/gallery\/x-spotkanie-integracyjne-ztf-7-9-06-2024\/cache\/img20240622_15044261.webp-nggid041483-ngg0dyn-91x68-00f0w010c011r110f110r010t010.webp\"\/>\n\t\t\t\t\t\t\t\t<\/a>\n\t\t\t\t\t\t\t\t\t\t\t\t\t\t\t\t\t\t<\/div>\n\t\t\t\t<\/div>\n\t\t\t\t\t\t\t\t<h4>\n\t\t\t\t\t<a class='ngg-album-desc'\n\t\t\t\t\ttitle='X Spotkanie Integracyjne ZTF - 7\/9-06-2024' href='http:\/\/gik.zgora.pl\/index.php\/nggallery\/wydarzenia\/x-spotkanie-integracyjne-ztf-7-9-06-2024?page_id=1375'style=\"max-width: 111px\"\t\t\t\t\t>\n\t\t\t\t\t\tX Spotkanie Integracyjne ZTF - 7\/9-06-2024\t\t\t\t\t<\/a>\n\t\t\t\t<\/h4>\n\t\t\t\t<p class=\"ngg-album-gallery-image-counter\">\n\t\t\t\t\t\t\t\t\t\t\t<strong>6<\/strong>&nbsp;Zdj\u0119\u0107\t\t\t\t\t\t\t\t\t<\/p>\n\t\t\t<\/div>\n\t\t\t\t\t<div class=\"ngg-album-compact\">\n\t\t\t\t<div class=\"ngg-album-compactbox\">\n\t\t\t\t\t<div class=\"ngg-album-link\">\n\t\t\t\t\t\t\t\t\t\t\t\t\t\t\t\t\t\t\t\t\t<a title='Relacja z X Festiwalu Fotografii Otworkowej OFFO 2023' href='http:\/\/gik.zgora.pl\/index.php\/nggallery\/wydarzenia\/relacja-z-x-festiwalu-fotografii-otworkowej-offo-2023?page_id=1375'>\n\t\t\t\t\t\t\t\t\t<img class=\"Thumb\"\n\t\t\t\t\t\t\t\t\t\talt=\"Relacja z X Festiwalu Fotografii Otworkowej OFFO 2023\"\n\t\t\t\t\t\t\t\t\t\tsrc=\"http:\/\/gik.zgora.pl\/wp-content\/gallery\/relacja-z-x-festiwalu-fotografii-otworkowej-offo-2023\/cache\/DSC_9049.webp-nggid041446-ngg0dyn-91x68-00f0w010c011r110f110r010t010.webp\"\/>\n\t\t\t\t\t\t\t\t<\/a>\n\t\t\t\t\t\t\t\t\t\t\t\t\t\t\t\t\t\t<\/div>\n\t\t\t\t<\/div>\n\t\t\t\t\t\t\t\t<h4>\n\t\t\t\t\t<a class='ngg-album-desc'\n\t\t\t\t\ttitle='Relacja z X Festiwalu Fotografii Otworkowej OFFO 2023' href='http:\/\/gik.zgora.pl\/index.php\/nggallery\/wydarzenia\/relacja-z-x-festiwalu-fotografii-otworkowej-offo-2023?page_id=1375'style=\"max-width: 111px\"\t\t\t\t\t>\n\t\t\t\t\t\tRelacja z X Festiwalu Fotografii Otworkowej OFFO 2023\t\t\t\t\t<\/a>\n\t\t\t\t<\/h4>\n\t\t\t\t<p class=\"ngg-album-gallery-image-counter\">\n\t\t\t\t\t\t\t\t\t\t\t<strong>28<\/strong>&nbsp;Zdj\u0119\u0107\t\t\t\t\t\t\t\t\t<\/p>\n\t\t\t<\/div>\n\t\t\t\t\t<div class=\"ngg-album-compact\">\n\t\t\t\t<div class=\"ngg-album-compactbox\">\n\t\t\t\t\t<div class=\"ngg-album-link\">\n\t\t\t\t\t\t\t\t\t\t\t\t\t\t\t\t\t\t\t\t\t<a title='Festiwal kolor\u00f3w  - 2021-09-08' href='http:\/\/gik.zgora.pl\/index.php\/nggallery\/wydarzenia\/festiwal-kolorow-2021-09-08?page_id=1375'>\n\t\t\t\t\t\t\t\t\t<img class=\"Thumb\"\n\t\t\t\t\t\t\t\t\t\talt=\"Festiwal kolor\u00f3w  - 2021-09-08\"\n\t\t\t\t\t\t\t\t\t\tsrc=\"http:\/\/gik.zgora.pl\/wp-content\/gallery\/festiwal-kolorow-2021-09-08\/cache\/DSC_0049.jpg-nggid041186-ngg0dyn-91x68-00f0w010c011r110f110r010t010.jpg\"\/>\n\t\t\t\t\t\t\t\t<\/a>\n\t\t\t\t\t\t\t\t\t\t\t\t\t\t\t\t\t\t<\/div>\n\t\t\t\t<\/div>\n\t\t\t\t\t\t\t\t<h4>\n\t\t\t\t\t<a class='ngg-album-desc'\n\t\t\t\t\ttitle='Festiwal kolor\u00f3w  - 2021-09-08' href='http:\/\/gik.zgora.pl\/index.php\/nggallery\/wydarzenia\/festiwal-kolorow-2021-09-08?page_id=1375'style=\"max-width: 111px\"\t\t\t\t\t>\n\t\t\t\t\t\tFestiwal kolor\u00f3w  - 2021-09-08\t\t\t\t\t<\/a>\n\t\t\t\t<\/h4>\n\t\t\t\t<p class=\"ngg-album-gallery-image-counter\">\n\t\t\t\t\t\t\t\t\t\t\t<strong>8<\/strong>&nbsp;Zdj\u0119\u0107\t\t\t\t\t\t\t\t\t<\/p>\n\t\t\t<\/div>\n\t\t\t\t\t<div class=\"ngg-album-compact\">\n\t\t\t\t<div class=\"ngg-album-compactbox\">\n\t\t\t\t\t<div class=\"ngg-album-link\">\n\t\t\t\t\t\t\t\t\t\t\t\t\t\t\t\t\t\t\t\t\t<a title='Zielona G\u00f3ra noc\u0105 - 2018-09-12' href='http:\/\/gik.zgora.pl\/index.php\/nggallery\/wydarzenia\/zielona-gora-noca-2018-09-12?page_id=1375'>\n\t\t\t\t\t\t\t\t\t<img class=\"Thumb\"\n\t\t\t\t\t\t\t\t\t\talt=\"Zielona G\u00f3ra noc\u0105 - 2018-09-12\"\n\t\t\t\t\t\t\t\t\t\tsrc=\"http:\/\/gik.zgora.pl\/wp-content\/gallery\/zielona-gora-noca-2018-09-12\/cache\/DSC_1952-Edit.jpg-nggid03820-ngg0dyn-91x68-00f0w010c011r110f110r010t010.jpg\"\/>\n\t\t\t\t\t\t\t\t<\/a>\n\t\t\t\t\t\t\t\t\t\t\t\t\t\t\t\t\t\t<\/div>\n\t\t\t\t<\/div>\n\t\t\t\t\t\t\t\t<h4>\n\t\t\t\t\t<a class='ngg-album-desc'\n\t\t\t\t\ttitle='Zielona G\u00f3ra noc\u0105 - 2018-09-12' href='http:\/\/gik.zgora.pl\/index.php\/nggallery\/wydarzenia\/zielona-gora-noca-2018-09-12?page_id=1375'style=\"max-width: 111px\"\t\t\t\t\t>\n\t\t\t\t\t\tZielona G\u00f3ra noc\u0105 - 2018-09-12\t\t\t\t\t<\/a>\n\t\t\t\t<\/h4>\n\t\t\t\t<p class=\"ngg-album-gallery-image-counter\">\n\t\t\t\t\t\t\t\t\t\t\t<strong>6<\/strong>&nbsp;Zdj\u0119\u0107\t\t\t\t\t\t\t\t\t<\/p>\n\t\t\t<\/div>\n\t\t\t\t\t<div class=\"ngg-album-compact\">\n\t\t\t\t<div class=\"ngg-album-compactbox\">\n\t\t\t\t\t<div class=\"ngg-album-link\">\n\t\t\t\t\t\t\t\t\t\t\t\t\t\t\t\t\t\t\t\t\t<a title='Pub Barcelona - 2018-03-01' href='http:\/\/gik.zgora.pl\/index.php\/nggallery\/wydarzenia\/pub-barcelona-2018-03-01?page_id=1375'>\n\t\t\t\t\t\t\t\t\t<img class=\"Thumb\"\n\t\t\t\t\t\t\t\t\t\talt=\"Pub Barcelona - 2018-03-01\"\n\t\t\t\t\t\t\t\t\t\tsrc=\"http:\/\/gik.zgora.pl\/wp-content\/gallery\/pub-barcelona-2018-03-01\/cache\/DSC_0057.jpg-nggid03775-ngg0dyn-91x68-00f0w010c011r110f110r010t010.jpg\"\/>\n\t\t\t\t\t\t\t\t<\/a>\n\t\t\t\t\t\t\t\t\t\t\t\t\t\t\t\t\t\t<\/div>\n\t\t\t\t<\/div>\n\t\t\t\t\t\t\t\t<h4>\n\t\t\t\t\t<a class='ngg-album-desc'\n\t\t\t\t\ttitle='Pub Barcelona - 2018-03-01' href='http:\/\/gik.zgora.pl\/index.php\/nggallery\/wydarzenia\/pub-barcelona-2018-03-01?page_id=1375'style=\"max-width: 111px\"\t\t\t\t\t>\n\t\t\t\t\t\tPub Barcelona - 2018-03-01\t\t\t\t\t<\/a>\n\t\t\t\t<\/h4>\n\t\t\t\t<p class=\"ngg-album-gallery-image-counter\">\n\t\t\t\t\t\t\t\t\t\t\t<strong>5<\/strong>&nbsp;Zdj\u0119\u0107\t\t\t\t\t\t\t\t\t<\/p>\n\t\t\t<\/div>\n\t\t\t\t\t<div class=\"ngg-album-compact\">\n\t\t\t\t<div class=\"ngg-album-compactbox\">\n\t\t\t\t\t<div class=\"ngg-album-link\">\n\t\t\t\t\t\t\t\t\t\t\t\t\t\t\t\t\t\t\t\t\t<a title='V Turniej Pokole\u0144 - 2016-06-11' href='http:\/\/gik.zgora.pl\/index.php\/nggallery\/wydarzenia\/v-turniej-pokolen-2016-06-11?page_id=1375'>\n\t\t\t\t\t\t\t\t\t<img class=\"Thumb\"\n\t\t\t\t\t\t\t\t\t\talt=\"V Turniej Pokole\u0144 - 2016-06-11\"\n\t\t\t\t\t\t\t\t\t\tsrc=\"http:\/\/gik.zgora.pl\/wp-content\/gallery\/v-turniej-pokolen-2016-06-11\/cache\/DSC_0610.jpg-nggid03633-ngg0dyn-91x68-00f0w010c011r110f110r010t010.jpg\"\/>\n\t\t\t\t\t\t\t\t<\/a>\n\t\t\t\t\t\t\t\t\t\t\t\t\t\t\t\t\t\t<\/div>\n\t\t\t\t<\/div>\n\t\t\t\t\t\t\t\t<h4>\n\t\t\t\t\t<a class='ngg-album-desc'\n\t\t\t\t\ttitle='V Turniej Pokole\u0144 - 2016-06-11' href='http:\/\/gik.zgora.pl\/index.php\/nggallery\/wydarzenia\/v-turniej-pokolen-2016-06-11?page_id=1375'style=\"max-width: 111px\"\t\t\t\t\t>\n\t\t\t\t\t\tV Turniej Pokole\u0144 - 2016-06-11\t\t\t\t\t<\/a>\n\t\t\t\t<\/h4>\n\t\t\t\t<p class=\"ngg-album-gallery-image-counter\">\n\t\t\t\t\t\t\t\t\t\t\t<strong>27<\/strong>&nbsp;Zdj\u0119\u0107\t\t\t\t\t\t\t\t\t<\/p>\n\t\t\t<\/div>\n\t\t\t\t\t<div class=\"ngg-album-compact\">\n\t\t\t\t<div class=\"ngg-album-compactbox\">\n\t\t\t\t\t<div class=\"ngg-album-link\">\n\t\t\t\t\t\t\t\t\t\t\t\t\t\t\t\t\t\t\t\t\t<a title='Dni Fantastyki 2016' href='http:\/\/gik.zgora.pl\/index.php\/nggallery\/wydarzenia\/dni-fantastyki-2016-1?page_id=1375'>\n\t\t\t\t\t\t\t\t\t<img class=\"Thumb\"\n\t\t\t\t\t\t\t\t\t\talt=\"Dni Fantastyki 2016\"\n\t\t\t\t\t\t\t\t\t\tsrc=\"http:\/\/gik.zgora.pl\/wp-content\/gallery\/Dni-Fantastyki-2016\/cache\/DSC_0463.jpg-nggid03511-ngg0dyn-91x68-00f0w010c011r110f110r010t010.jpg\"\/>\n\t\t\t\t\t\t\t\t<\/a>\n\t\t\t\t\t\t\t\t\t\t\t\t\t\t\t\t\t\t<\/div>\n\t\t\t\t<\/div>\n\t\t\t\t\t\t\t\t<h4>\n\t\t\t\t\t<a class='ngg-album-desc'\n\t\t\t\t\ttitle='Dni Fantastyki 2016' href='http:\/\/gik.zgora.pl\/index.php\/nggallery\/wydarzenia\/dni-fantastyki-2016-1?page_id=1375'style=\"max-width: 111px\"\t\t\t\t\t>\n\t\t\t\t\t\tDni Fantastyki 2016\t\t\t\t\t<\/a>\n\t\t\t\t<\/h4>\n\t\t\t\t<p class=\"ngg-album-gallery-image-counter\">\n\t\t\t\t\t\t\t\t\t\t\t<strong>17<\/strong>&nbsp;Zdj\u0119\u0107\t\t\t\t\t\t\t\t\t<\/p>\n\t\t\t<\/div>\n\t\t\t\t\t<div class=\"ngg-album-compact\">\n\t\t\t\t<div class=\"ngg-album-compactbox\">\n\t\t\t\t\t<div class=\"ngg-album-link\">\n\t\t\t\t\t\t\t\t\t\t\t\t\t\t\t\t\t\t\t\t\t<a title='Stelmet - 2016-04-16' href='http:\/\/gik.zgora.pl\/index.php\/nggallery\/wydarzenia\/stelmet-2016-04-16?page_id=1375'>\n\t\t\t\t\t\t\t\t\t<img class=\"Thumb\"\n\t\t\t\t\t\t\t\t\t\talt=\"Stelmet - 2016-04-16\"\n\t\t\t\t\t\t\t\t\t\tsrc=\"http:\/\/gik.zgora.pl\/wp-content\/gallery\/Stelmet---2016-04-16\/cache\/DSC_0022-Edit.jpg-nggid03444-ngg0dyn-91x68-00f0w010c011r110f110r010t010.jpg\"\/>\n\t\t\t\t\t\t\t\t<\/a>\n\t\t\t\t\t\t\t\t\t\t\t\t\t\t\t\t\t\t<\/div>\n\t\t\t\t<\/div>\n\t\t\t\t\t\t\t\t<h4>\n\t\t\t\t\t<a class='ngg-album-desc'\n\t\t\t\t\ttitle='Stelmet - 2016-04-16' href='http:\/\/gik.zgora.pl\/index.php\/nggallery\/wydarzenia\/stelmet-2016-04-16?page_id=1375'style=\"max-width: 111px\"\t\t\t\t\t>\n\t\t\t\t\t\tStelmet - 2016-04-16\t\t\t\t\t<\/a>\n\t\t\t\t<\/h4>\n\t\t\t\t<p class=\"ngg-album-gallery-image-counter\">\n\t\t\t\t\t\t\t\t\t\t\t<strong>10<\/strong>&nbsp;Zdj\u0119\u0107\t\t\t\t\t\t\t\t\t<\/p>\n\t\t\t<\/div>\n\t\t\t\t\t<div class=\"ngg-album-compact\">\n\t\t\t\t<div class=\"ngg-album-compactbox\">\n\t\t\t\t\t<div class=\"ngg-album-link\">\n\t\t\t\t\t\t\t\t\t\t\t\t\t\t\t\t\t\t\t\t\t<a title='Tagim - 2016-04-25' href='http:\/\/gik.zgora.pl\/index.php\/nggallery\/wydarzenia\/tagim-2016-04-25?page_id=1375'>\n\t\t\t\t\t\t\t\t\t<img class=\"Thumb\"\n\t\t\t\t\t\t\t\t\t\talt=\"Tagim - 2016-04-25\"\n\t\t\t\t\t\t\t\t\t\tsrc=\"http:\/\/gik.zgora.pl\/wp-content\/gallery\/Tagim---2016-04-25\/cache\/DSC_0520-Edit.jpg-nggid03509-ngg0dyn-91x68-00f0w010c011r110f110r010t010.jpg\"\/>\n\t\t\t\t\t\t\t\t<\/a>\n\t\t\t\t\t\t\t\t\t\t\t\t\t\t\t\t\t\t<\/div>\n\t\t\t\t<\/div>\n\t\t\t\t\t\t\t\t<h4>\n\t\t\t\t\t<a class='ngg-album-desc'\n\t\t\t\t\ttitle='Tagim - 2016-04-25' href='http:\/\/gik.zgora.pl\/index.php\/nggallery\/wydarzenia\/tagim-2016-04-25?page_id=1375'style=\"max-width: 111px\"\t\t\t\t\t>\n\t\t\t\t\t\tTagim - 2016-04-25\t\t\t\t\t<\/a>\n\t\t\t\t<\/h4>\n\t\t\t\t<p class=\"ngg-album-gallery-image-counter\">\n\t\t\t\t\t\t\t\t\t\t\t<strong>18<\/strong>&nbsp;Zdj\u0119\u0107\t\t\t\t\t\t\t\t\t<\/p>\n\t\t\t<\/div>\n\t\t\t\t\t<div class=\"ngg-album-compact\">\n\t\t\t\t<div class=\"ngg-album-compactbox\">\n\t\t\t\t\t<div class=\"ngg-album-link\">\n\t\t\t\t\t\t\t\t\t\t\t\t\t\t\t\t\t\t\t\t\t<a title='WHC 2015 - 2015-08-15' href='http:\/\/gik.zgora.pl\/index.php\/nggallery\/wydarzenia\/whc-2015-2015-08-15?page_id=1375'>\n\t\t\t\t\t\t\t\t\t<img class=\"Thumb\"\n\t\t\t\t\t\t\t\t\t\talt=\"WHC 2015 - 2015-08-15\"\n\t\t\t\t\t\t\t\t\t\tsrc=\"http:\/\/gik.zgora.pl\/wp-content\/gallery\/whc-2015-2015-08-15\/cache\/DSC_0008-1.jpg-nggid03196-ngg0dyn-91x68-00f0w010c011r110f110r010t010.jpg\"\/>\n\t\t\t\t\t\t\t\t<\/a>\n\t\t\t\t\t\t\t\t\t\t\t\t\t\t\t\t\t\t<\/div>\n\t\t\t\t<\/div>\n\t\t\t\t\t\t\t\t<h4>\n\t\t\t\t\t<a class='ngg-album-desc'\n\t\t\t\t\ttitle='WHC 2015 - 2015-08-15' href='http:\/\/gik.zgora.pl\/index.php\/nggallery\/wydarzenia\/whc-2015-2015-08-15?page_id=1375'style=\"max-width: 111px\"\t\t\t\t\t>\n\t\t\t\t\t\tWHC 2015 - 2015-08-15\t\t\t\t\t<\/a>\n\t\t\t\t<\/h4>\n\t\t\t\t<p class=\"ngg-album-gallery-image-counter\">\n\t\t\t\t\t\t\t\t\t\t\t<strong>19<\/strong>&nbsp;Zdj\u0119\u0107\t\t\t\t\t\t\t\t\t<\/p>\n\t\t\t<\/div>\n\t\t\t\t\t<div class=\"ngg-album-compact\">\n\t\t\t\t<div class=\"ngg-album-compactbox\">\n\t\t\t\t\t<div class=\"ngg-album-link\">\n\t\t\t\t\t\t\t\t\t\t\t\t\t\t\t\t\t\t\t\t\t<a title='UV - 2015-03-07' href='http:\/\/gik.zgora.pl\/index.php\/nggallery\/wydarzenia\/uv-2015-03-07?page_id=1375'>\n\t\t\t\t\t\t\t\t\t<img class=\"Thumb\"\n\t\t\t\t\t\t\t\t\t\talt=\"UV - 2015-03-07\"\n\t\t\t\t\t\t\t\t\t\tsrc=\"http:\/\/gik.zgora.pl\/wp-content\/gallery\/uv-2015-03-07\/cache\/DSC_0071-1.jpg-nggid03159-ngg0dyn-91x68-00f0w010c011r110f110r010t010.jpg\"\/>\n\t\t\t\t\t\t\t\t<\/a>\n\t\t\t\t\t\t\t\t\t\t\t\t\t\t\t\t\t\t<\/div>\n\t\t\t\t<\/div>\n\t\t\t\t\t\t\t\t<h4>\n\t\t\t\t\t<a class='ngg-album-desc'\n\t\t\t\t\ttitle='UV - 2015-03-07' href='http:\/\/gik.zgora.pl\/index.php\/nggallery\/wydarzenia\/uv-2015-03-07?page_id=1375'style=\"max-width: 111px\"\t\t\t\t\t>\n\t\t\t\t\t\tUV - 2015-03-07\t\t\t\t\t<\/a>\n\t\t\t\t<\/h4>\n\t\t\t\t<p class=\"ngg-album-gallery-image-counter\">\n\t\t\t\t\t\t\t\t\t\t\t<strong>16<\/strong>&nbsp;Zdj\u0119\u0107\t\t\t\t\t\t\t\t\t<\/p>\n\t\t\t<\/div>\n\t\t\t\t\t<div class=\"ngg-album-compact\">\n\t\t\t\t<div class=\"ngg-album-compactbox\">\n\t\t\t\t\t<div class=\"ngg-album-link\">\n\t\t\t\t\t\t\t\t\t\t\t\t\t\t\t\t\t\t\t\t\t<a title='Dni Fantastyki 2015' href='http:\/\/gik.zgora.pl\/index.php\/nggallery\/wydarzenia\/dni-fantastyki-2015?page_id=1375'>\n\t\t\t\t\t\t\t\t\t<img class=\"Thumb\"\n\t\t\t\t\t\t\t\t\t\talt=\"Dni Fantastyki 2015\"\n\t\t\t\t\t\t\t\t\t\tsrc=\"http:\/\/gik.zgora.pl\/wp-content\/gallery\/dni-fantastyki-2015\/cache\/DSC_0163-1.jpg-nggid0244-ngg0dyn-91x68-00f0w010c011r110f110r010t010.jpg\"\/>\n\t\t\t\t\t\t\t\t<\/a>\n\t\t\t\t\t\t\t\t\t\t\t\t\t\t\t\t\t\t<\/div>\n\t\t\t\t<\/div>\n\t\t\t\t\t\t\t\t<h4>\n\t\t\t\t\t<a class='ngg-album-desc'\n\t\t\t\t\ttitle='Dni Fantastyki 2015' href='http:\/\/gik.zgora.pl\/index.php\/nggallery\/wydarzenia\/dni-fantastyki-2015?page_id=1375'style=\"max-width: 111px\"\t\t\t\t\t>\n\t\t\t\t\t\tDni Fantastyki 2015\t\t\t\t\t<\/a>\n\t\t\t\t<\/h4>\n\t\t\t\t<p class=\"ngg-album-gallery-image-counter\">\n\t\t\t\t\t\t\t\t\t\t\t<strong>22<\/strong>&nbsp;Zdj\u0119\u0107\t\t\t\t\t\t\t\t\t<\/p>\n\t\t\t<\/div>\n\t\t\t\t\t<div class=\"ngg-album-compact\">\n\t\t\t\t<div class=\"ngg-album-compactbox\">\n\t\t\t\t\t<div class=\"ngg-album-link\">\n\t\t\t\t\t\t\t\t\t\t\t\t\t\t\t\t\t\t\t\t\t<a title='Dni Fantastyki 2014' href='http:\/\/gik.zgora.pl\/index.php\/nggallery\/wydarzenia\/dni-fantastyki-2014?page_id=1375'>\n\t\t\t\t\t\t\t\t\t<img class=\"Thumb\"\n\t\t\t\t\t\t\t\t\t\talt=\"Dni Fantastyki 2014\"\n\t\t\t\t\t\t\t\t\t\tsrc=\"http:\/\/gik.zgora.pl\/wp-content\/gallery\/dni-fantastyki-2014\/cache\/dni-fantastyki-wroclaw-2014-20-1.jpg-nggid03122-ngg0dyn-91x68-00f0w010c011r110f110r010t010.jpg\"\/>\n\t\t\t\t\t\t\t\t<\/a>\n\t\t\t\t\t\t\t\t\t\t\t\t\t\t\t\t\t\t<\/div>\n\t\t\t\t<\/div>\n\t\t\t\t\t\t\t\t<h4>\n\t\t\t\t\t<a class='ngg-album-desc'\n\t\t\t\t\ttitle='Dni Fantastyki 2014' href='http:\/\/gik.zgora.pl\/index.php\/nggallery\/wydarzenia\/dni-fantastyki-2014?page_id=1375'style=\"max-width: 111px\"\t\t\t\t\t>\n\t\t\t\t\t\tDni Fantastyki 2014\t\t\t\t\t<\/a>\n\t\t\t\t<\/h4>\n\t\t\t\t<p class=\"ngg-album-gallery-image-counter\">\n\t\t\t\t\t\t\t\t\t\t\t<strong>4<\/strong>&nbsp;Zdj\u0119\u0107\t\t\t\t\t\t\t\t\t<\/p>\n\t\t\t<\/div>\n\t\t\t\t\t<div class=\"ngg-album-compact\">\n\t\t\t\t<div class=\"ngg-album-compactbox\">\n\t\t\t\t\t<div class=\"ngg-album-link\">\n\t\t\t\t\t\t\t\t\t\t\t\t\t\t\t\t\t\t\t\t\t<a title='Pyrkon 2014' href='http:\/\/gik.zgora.pl\/index.php\/nggallery\/wydarzenia\/pyrkon-2014?page_id=1375'>\n\t\t\t\t\t\t\t\t\t<img class=\"Thumb\"\n\t\t\t\t\t\t\t\t\t\talt=\"Pyrkon 2014\"\n\t\t\t\t\t\t\t\t\t\tsrc=\"http:\/\/gik.zgora.pl\/wp-content\/gallery\/pyrkon-2014\/cache\/DSC_0057-1.jpg-nggid03126-ngg0dyn-91x68-00f0w010c011r110f110r010t010.jpg\"\/>\n\t\t\t\t\t\t\t\t<\/a>\n\t\t\t\t\t\t\t\t\t\t\t\t\t\t\t\t\t\t<\/div>\n\t\t\t\t<\/div>\n\t\t\t\t\t\t\t\t<h4>\n\t\t\t\t\t<a class='ngg-album-desc'\n\t\t\t\t\ttitle='Pyrkon 2014' href='http:\/\/gik.zgora.pl\/index.php\/nggallery\/wydarzenia\/pyrkon-2014?page_id=1375'style=\"max-width: 111px\"\t\t\t\t\t>\n\t\t\t\t\t\tPyrkon 2014\t\t\t\t\t<\/a>\n\t\t\t\t<\/h4>\n\t\t\t\t<p class=\"ngg-album-gallery-image-counter\">\n\t\t\t\t\t\t\t\t\t\t\t<strong>5<\/strong>&nbsp;Zdj\u0119\u0107\t\t\t\t\t\t\t\t\t<\/p>\n\t\t\t<\/div>\n\t\t\t\t<br class=\"ngg-clear\"\/>\n\t\t<div class='ngg-clear'><\/div>\t<\/div>\n<\/p>\n","protected":false},"excerpt":{"rendered":"<p>X Spotkanie Integracyjne ZTF &#8211; 7\/9-06-2024 6&nbsp;Zdj\u0119\u0107 Relacja z X Festiwalu Fotografii Otworkowej OFFO 2023 28&nbsp;Zdj\u0119\u0107 Festiwal kolor\u00f3w &#8211; 2021-09-08 8&nbsp;Zdj\u0119\u0107 Zielona G\u00f3ra noc\u0105 &#8211; 2018-09-12 6&nbsp;Zdj\u0119\u0107 Pub Barcelona &#8211; 2018-03-01 5&nbsp;Zdj\u0119\u0107 V Turniej Pokole\u0144 &#8211; 2016-06-11 27&nbsp;Zdj\u0119\u0107 Dni Fantastyki 2016 17&nbsp;Zdj\u0119\u0107 Stelmet &#8211; 2016-04-16 10&nbsp;Zdj\u0119\u0107 Tagim &#8211; 2016-04-25 18&nbsp;Zdj\u0119\u0107 WHC 2015 &#8211; 2015-08-15 19&nbsp;Zdj\u0119\u0107 [&hellip;]<\/p>\n","protected":false},"author":1,"featured_media":0,"parent":0,"menu_order":0,"comment_status":"closed","ping_status":"closed","template":"","meta":{"ngg_post_thumbnail":0,"footnotes":""},"class_list":["post-1375","page","type-page","status-publish","hentry"],"aioseo_notices":[],"_links":{"self":[{"href":"http:\/\/gik.zgora.pl\/index.php?rest_route=\/wp\/v2\/pages\/1375","targetHints":{"allow":["GET"]}}],"collection":[{"href":"http:\/\/gik.zgora.pl\/index.php?rest_route=\/wp\/v2\/pages"}],"about":[{"href":"http:\/\/gik.zgora.pl\/index.php?rest_route=\/wp\/v2\/types\/page"}],"author":[{"embeddable":true,"href":"http:\/\/gik.zgora.pl\/index.php?rest_route=\/wp\/v2\/users\/1"}],"replies":[{"embeddable":true,"href":"http:\/\/gik.zgora.pl\/index.php?rest_route=%2Fwp%2Fv2%2Fcomments&post=1375"}],"version-history":[{"count":3,"href":"http:\/\/gik.zgora.pl\/index.php?rest_route=\/wp\/v2\/pages\/1375\/revisions"}],"predecessor-version":[{"id":1382,"href":"http:\/\/gik.zgora.pl\/index.php?rest_route=\/wp\/v2\/pages\/1375\/revisions\/1382"}],"wp:attachment":[{"href":"http:\/\/gik.zgora.pl\/index.php?rest_route=%2Fwp%2Fv2%2Fmedia&parent=1375"}],"curies":[{"name":"wp","href":"https:\/\/api.w.org\/{rel}","templated":true}]}}